se -2125 = -4*l - 325. Let s = 308 + -308. Suppose s = -10*f + f + l. Calculate the greatest common factor of 250 and f.
50
Suppose 4*m = -9*w + 14*w + 37, -2*w = -3*m + 19. Suppose -m*a = 9, 0 = 3*p - 6*a + 5*a - 39. Calculate the highest common divisor of p and 90.
6
Let q(t) = 63*t**2 + 0 - 21*t - 13*t + 44*t**2 + 39*t - 7. Let m be q(1). Calculate the greatest common factor of m and 15.
15
Let h be (-6)/21 + 1894/14. Let d = -422 + 433. Suppose 0 = -5*w + j + 91 - d, 4*w - 35 = -5*j. What is the greatest common divisor of h and w?
15
Suppose 5*r - 16 = -6*r + 28. What is the greatest common divisor of r and 1346?
2
Let k be (-563)/(-4) - (30/8 - 4). Let f = k - 135. What is the highest common factor of 14 and f?
2
Suppose 24 + 144 = 4*j. Let l be 42/4 + 420/280. Calculate the greatest common factor of l and j.
6
Suppose 4*z - 162 = -0*k - 2*k, -3*z = 0. Suppose 5 - 1 = n. Suppose 5 = n*o - 31. Calculate the highest common divisor of o and k.
9
Let l(a) = 34 + a**3 + 2 + 25*a - 1695*a**2 + 1683*a**2. Let j be l(12). What is the highest common factor of 48 and j?
48
Let w = 787 + -784. Suppose 3*o - 414 = g + w*g, -2*o = -4*g - 280. Calculate the highest common divisor of 2 and o.
2
Let g = 923 + -750. Let i = g - 73. What is the highest common divisor of 60 and i?
20
Suppose 85*y = 66*y + 228. Calculate the highest common factor of 916 and y.
4
Let o = -8700 - -9732. Calculate the highest common divisor of o and 156.
12
Let l(q) = q**3 + 39*q**2 - 97*q - 54. Let k be l(-40). Calculate the greatest common divisor of 7632 and k.
318
Let i(t) = t**3 + 56*t**2 + 45*t - 442. Let y be i(-55). What is the highest common divisor of 1728 and y?
108
Let w be (172/(-301))/((-2)/11375). What is the highest common factor of w and 52?
26
Suppose -4*p = j + 10, 4*p + 2 = -10. Suppose 2*r = j + 6. What is the highest common divisor of 212 and r?
4
Suppose -16*c + 17*c - 2*g + 31 = 0, -5*c + g = 110. Let x be c/(-14)*(-700)/(-21). What is the greatest common divisor of 850 and x?
50
Suppose 0 = -q - 2*q - 4*j + 652, -3*j = 3*q - 657. Suppose -a = 2*g - 9, 5*a + 544 = -5*g + 584. What is the greatest common divisor of q and a?
7
Let c(j) = 98*j**2 + 53*j + 515. Let o be c(-8). What is the highest common factor of o and 63?
63
Suppose -76*d + 4*u - 4247 = -81*d, -4223 = -5*d + 4*u. Calculate the greatest common factor of d and 4389.
77
Let x(b) = 223*b - 437. Let t be x(2). What is the greatest common divisor of t and 4869?
9
Suppose o + 167 = 4*a, -a + 6*a + 4*o = 235. Let s = 1723 + -1594. What is the greatest common factor of s and a?
43
Let c be (2 - 67)*(-50)/50. Calculate the greatest common factor of c and 2067.
13
Suppose 63*d - 85 = -5*t + 65*d, -4*t + 68 = -3*d. What is the greatest common divisor of t and 53261?
17
Suppose 2*q - 29 = -h - 3*q, h = -4*q + 28. Let a = -83 + 100. Suppose -36 = -20*z + a*z. Calculate the greatest common factor of z and h.
12
Let k(o) = o**2 + 20*o + 41. Let u be k(0). What is the greatest common divisor of u and 2501?
41
Let j = -140 - -139. Let t be (-1 + -13 + j)/((-5)/25). Let l = t + -69. Calculate the greatest common divisor of l and 6.
6
Suppose -15*f - 267 = -357. Suppose -11 - 87 = 2*g. Let y be g/2*36/(-21). What is the highest common factor of f and y?
6
Suppose -5759 = -392*n + 354*n + 2335. What is the greatest common divisor of n and 142?
71
Suppose 26 = 5*v + 11. Suppose 0 = -3*b + v*z, -2*b = b + 3*z - 12. Suppose 29 = -b*d + 117. What is the greatest common divisor of d and 11?
11
Suppose 26*j = 121*j - 47880. What is the highest common factor of 468 and j?
36
Suppose 0 = -0*f - f + 1, -3*z - 21 = -3*f. Let c = z + 24. Suppose -4*y + 4 = 0, 14*y = u + 7*y - 17. Calculate the greatest common divisor of u and c.
6
Let a be (-1 - 1) + 1 + 61. Suppose -212 = -2*h + a. Let r be (-17)/2*15/(15/(-4)). Calculate the highest common factor of r and h.
34
Suppose 3*u + 5*l - 66 - 11 = 0, 0 = 5*u + 3*l - 123. Let y(c) = -328*c - 16. Let j be y(-1). Calculate the highest common divisor of j and u.
24
Let u = -329 - -527. Suppose -440*t + 5940 + 5350 = 3370. What is the greatest common factor of u and t?
18
Let y be (0 - (-319 + -2)) + -2 - (-1492)/(-373). What is the highest common factor of 135 and y?
45
Let o(a) = a**3 - 16*a**2 - 20*a + 55. Let b be o(17). Suppose 4*c + 3*f - 1066 = 0, f - b*f = -c + 274. Calculate the greatest common factor of 201 and c.
67
Let s be -482*-3*(-1)/(-3) - -2. Let p = 679 + -635. Calculate the greatest common factor of s and p.
44
Let k(o) = 792*o - 3987. Let t be k(11). Calculate the highest common divisor of 350 and t.
175
Suppose -5*h + x + 29 = -3*x, -4*x - 24 = -4*h. Suppose 28*c - 8510 = h*c. What is the greatest common divisor of 37 and c?
37
Suppose 4*v - 9 + 1 = 0. Let m be (5/4)/(v/16). Calculate the greatest common factor of m and 130.
10
Suppose -5*w - 4 = 6. Let x be w*(-1)/((-1)/(-5)). Suppose -4*b = 5*b - 36. Calculate the highest common factor of x and b.
2
Let w(y) = 129*y + 59. Let l be w(4). What is the highest common factor of l and 391?
23
Let z be -2 - -2 - 110/(-2). Suppose 6*d - 5 - 19 = 0. Suppose 0 = -d*w - 14 + 34. What is the greatest common factor of w and z?
5
Let j = -92 - -78. Let m be (2 - 4*-2) + (j - -12). Calculate the highest common divisor of m and 28.
4
Let y = 28 + -32. Let k be 53 + y + -2 - 3. Let v = k - 43. What is the highest common factor of 1 and v?
1
Suppose -1158*z + 2318*z + 372 = 1161*z. Calculate the highest common factor of z and 48.
12
Let b(d) = d**3 + 14*d**2 - 16*d - 9. Let h be -6 - ((-66)/(-6) - 2). Let y be b(h). Calculate the greatest common factor of 102 and y.
6
Let f(i) = 2*i**2 + 5*i - 26. Suppose -23 = -7*v + 5. Let l be f(v). What is the greatest common factor of 104 and l?
26
Suppose g + 306 = r, -34*g + 31*g - 18 = 0. Calculate the highest common divisor of r and 4100.
100
Suppose 39*u + 42*u = 76*u. Suppose 4*b - 6*b - 5*f + 326 = u, 0 = -4*b + 4*f + 596. What is the greatest common factor of b and 17?
17
Suppose 11900*p = 11884*p + 34592. Calculate the greatest common factor of 598 and p.
46
Let f = -20 + 9. Let x = -24 - f. Let o(n) = -8*n - 24. Let t be o(x). What is the greatest common divisor of 32 and t?
16
Let s(y) = -171*y - 2798. Let c be s(-18). What is the highest common factor of 714 and c?
14
Let x = 6796 + -6751. Calculate the highest common divisor of 85 and x.
5
Let q(j) be the third derivative of j**5/60 - j**4/12 - j**3 + 146*j**2. Let v be q(6). What is the greatest common divisor of v and 117?
9
Let u = 2 - -121. Suppose -58*i = -61*i + u. Let h = i + 19. Calculate the greatest common divisor of h and 12.
12
Let f be 2566*(1 - (-3)/(-2)). Let d = -707 - f. What is the greatest common divisor of 36 and d?
36
Suppose -4*i + 20 = 0, -s - 5*i = -2*s - 31. Let b be (7 - 10)*(-236)/s. Let x = b - -170. Calculate the highest common divisor of 13 and x.
13
Let b be 2 + (-8)/(-8) - -15. What is the greatest common factor of 2178 and b?
18
Let m(b) = 4*b**2 + 5*b + 4. Let l be m(-3). Let n be (17/21 - (-600)/700)*(-30)/(-1). What is the highest common divisor of n and l?
25
Suppose 2*r - 61 = 3*q, -5*r + 259*q - 260*q + 93 = 0. What is the greatest common factor of 640 and r?
20
Suppose o - 4*o = -9. Suppose -39 = -k + j - 11, 0 = -o*k + j + 80. What is the greatest common divisor of k and 169?
13
Let k be ((-2)/6)/(1/(-3)). Suppose -3*g + 4*g - 2 = 0. Suppose -2*l + 2 + g = 0. Calculate the highest common factor of k and l.
1
Suppose -3*o + 26 = -4*j, 2*j - 4*o = -2*o - 12. Let l = 3 - j. Suppose -26 = 21*i - 47. Calculate the greatest common factor of l and i.
1
Let o be -72*(-6 - 48/(-9)). Calculate the highest common divisor of 324 and o.
12
Let u = 47 - 27. Let y(p) = 0 - 5 - 2 - p**2 + 12*p + 2. Let m be y(5). What is the greatest common divisor of m and u?
10
Suppose -3*x + 27 = f + 2*x, -4*x = f - 24. Let j be 15 - (4 - 1 - f/3). Let o be 7*-24*(-1)/7. What is the highest common factor of o and j?
8
Suppose -3*y + 2*j = -150, 22*j + 165 = 3*y + 25*j. Let u(n) = -16*n - 107. Let c be u(-14). What is the highest common divisor of c and y?
13
Let i be (-12)/9 + 1538/6. Let w = i - 178. What is the highest common divisor of w and 14?
7
Suppose 4*q + 167 = 2*g + 43, g - 5*q = 71. Calculate the hi